 + 6 = -7*r. Suppose 0 = 3*c + 2*y - 38, -5*c - r*y + 95 = -5*y. Calculate the greatest common divisor of 24 and c.
8
Suppose -3*a + 2*o + 0 = -5, -4*o - 5 = -5*a. Suppose 2*b - a*t - 203 = 0, 0 = -b + 2*t - t + 100. What is the highest common divisor of 11 and b?
11
Let p(c) = -4*c + 120. Let w be p(26). Calculate the greatest common divisor of 176 and w.
16
Suppose -31 + 7 = 6*d. Let u be 2 + -4 + d + 9. Calculate the highest common divisor of u and 3.
3
Suppose 0 = 9*j - 12*j. Suppose 2*x = 2*c + 35 + 349, c + 3 = j. Calculate the greatest common divisor of 21 and x.
21
Let d be 1/(-2) + 18/(-4). Let c = d + 7. Suppose c*m - 2*j - 37 = -m, 5*j + 25 = 3*m. Calculate the highest common factor of m and 5.
5
Let h = 278 - 264. Calculate the highest common divisor of h and 63.
7
Suppose -h = h. Let w(l) = l + 5. Let m be w(8). Let p = h + m. What is the greatest common divisor of 117 and p?
13
Suppose -67*v = -56*v - 66. What is the greatest common factor of v and 14?
2
Let v(b) = -b + 12. Let m be v(-3). What is the highest common factor of 15 and m?
15
Suppose -3*b = -3*r - 90, -2*r - b - 60 = -2*b. Let t = -18 - r. Let d be 15*-18*t/(-40). Calculate the highest common divisor of 9 and d.
9
Let b(f) = -209*f - 27. Let r be b(-1). Calculate the greatest common divisor of 28 and r.
14
Let j = -447 + 465. Calculate the highest common factor of j and 69.
3
Let r = 61 - 31. Calculate the highest common factor of 60 and r.
30
Let q = 223 - 170. What is the greatest common divisor of q and 689?
53
Suppose -1 = -h, -f + 1263 = -16*h + 21*h. What is the highest common factor of f and 34?
34
Suppose 0*g - 4*g = -8. Suppose 3*t = a + 214, g*a + 230 + 54 = 4*t. Calculate the greatest common factor of 8 and t.
8
Let a(c) = 16*c + 373. Let z be a(-23). Calculate the highest common factor of 150 and z.
5
Let c(b) = b**3 + 10*b**2 + 10*b. Suppose -6 + 3 = 3*j, 5*j + 29 = -4*i. Let s be c(i). What is the greatest common factor of s and 28?
28
Let d = -18 + 48. Suppose 2*v = 3*v - a - d, 3*v - a = 98. Suppose 0 = 5*b + 4*k - 405, -2*k + 325 = 4*b + k. Calculate the greatest common factor of b and v.
17
Let h be 1 - ((-1 - 8) + 4). What is the greatest common factor of h and 159?
3
Let q(z) = z**3 + z**2 - 1. Let p be q(1). What is the greatest common divisor of p and 13?
1
Let q(d) = -d + 1. Let k be q(2). Let n be -1 + -2 + 17 + k + 3. What is the highest common divisor of n and 4?
4
Let a = 2281 + -1568. Calculate the highest common divisor of a and 31.
31
Let i(n) = 11 + 10*n**2 - 21 + 9 - 3*n. Let b be i(-1). What is the highest common divisor of 12 and b?
12
Suppose 5*o - 27 = p, 3*p = 5*p - 2*o + 46. Let w = -21 - p. What is the greatest common divisor of 1 and w?
1
Let l be 36 + (-2 - (0 - 1)). Let w be l/2 + (-1)/(-2). Let x = -1800 + 1827. What is the greatest common divisor of x and w?
9
Let j(p) = -7 - 3 + 4*p + 5 + 2. Let g be j(2). Suppose g*u = 93 + 47. What is the greatest common factor of 14 and u?
14
Let m be 2292/9 + -2 + (-14)/(-6). What is the highest common divisor of 15 and m?
15
Suppose -2421 + 591 = -3*k. Suppose -5*o + a + k = 0, -320 = -4*o - 2*a + 182. Let z = -77 + o. What is the highest common divisor of 69 and z?
23
Let p = 126 - 297. Let i be (-1)/(-6) + p/54 + 24. Let m(o) = o**3 - o**2 + 9*o - 3. Let r be m(6). What is the greatest common factor of r and i?
21
Let o(g) = g**2 - 3*g - 24. Let y be o(8). What is the greatest common factor of y and 304?
16
Let d(u) be the first derivative of u**4/4 + 4*u**3 - 13*u**2/2 + 12*u - 10. Let x be d(-13). What is the greatest common factor of 12 and x?
12
Let v = -161 + 321. Let i be 3/2*v/6. Suppose 0 = 4*s - 3*s - 8. Calculate the greatest common factor of i and s.
8
Let a = -3 + -3. Let b be (a/4)/((-8)/48). Suppose -b*d + 28 = -5*d. Calculate the greatest common factor of d and 63.
7
Suppose -61*d + 348 = -32*d. Let w = -4 - -8. Suppose -4*n = j + 3*j - 8, -w*j = -3*n + 13. What is the greatest common factor of d and n?
3
Let l(t) = 3*t**2 - 23*t. Let r be l(12). What is the highest common factor of 1014 and r?
78
Let b be (-9)/72 - (-882)/16. Suppose 3*d + 2*d = 190. Let h = d + -16. What is the greatest common divisor of b and h?
11
Let l be (14/(-12))/(25/(-300)). Calculate the highest common divisor of 154 and l.
14
Let i = -346 - -376. Calculate the greatest common divisor of i and 12.
6
Suppose -m - 6*t + 2*t + 14 = 0, 2*m + 5*t - 19 = 0. Suppose 6 = -m*k + 5*k. Calculate the greatest common divisor of 1 and k.
1
Let l(o) = -o**3 - 3*o**2 + 6. Suppose 2*b = 4*z + 18, -11 - 12 = 4*z - 3*b. Let y be l(z). Calculate the greatest common factor of 32 and y.
2
Let m = 22 - 12. Suppose 76 = 3*r - 4*t, -3*r + 2*t + 48 = -r. Calculate the greatest common factor of m and r.
10
Suppose -55 + 2143 = 12*k. Suppose 0 = 11*j - k - 24. What is the greatest common divisor of j and 24?
6
Let k be 2 + -1 - (0 + -11). Let y be (6/2 - (-242)/(-33))*-9. Let p = y + -27. What is the highest common divisor of p and k?
12
Let c be (1 - -2) + (-3)/(-1). Suppose -5*p = -2*w - 72, c*p - w = 2*p + 57. Let y be 7/4 + (-3)/(-12). Calculate the greatest common factor of p and y.
2
Suppose -103 = -5*g + 137. Calculate the highest common factor of g and 18.
6
Let l(i) = -1 - 2*i + 0*i - 24 + 10*i. Let p be l(11). What is the highest common divisor of 7 and p?
7
Let q be (-1 + 3)/((-15)/(-330)). Calculate the greatest common factor of q and 1188.
44
Let w = 19 + -19. Let l be 5 + (-1)/(-4)*w. Suppose -5*d + 105 = l*i, 0 = 4*i - 3*d - 49 - 56. What is the highest common factor of i and 4?
4
Suppose -3*o = 3*r - 1755, -3*r + 27 = 12. What is the greatest common divisor of 58 and o?
58
Let k = -6 - -93. Let w be (-9)/(-6)*132/18. Suppose w*l - 7*l = 232. What is the highest common divisor of k and l?
29
Suppose -6*l + 2*l = -8. Suppose v - 6*v = -5*f + 20, 0 = -l*f + 4*v + 8. Let r be 6/5*(290/(-30) - -13). Calculate the highest common divisor of r and f.
4
Let j = -859 - -1505. What is the highest common divisor of 76 and j?
38
Suppose -557 = -2*x - 531. Calculate the greatest common divisor of x and 1.
1
Let o(k) = k**3 + 6*k**2 + 5*k - 2. Let v be o(-4). What is the highest common divisor of v and 290?
10
Suppose -h + 12 = -3. Let k(o) = 2*o - 4. Let p be k(-4). Let w = h + p. What is the greatest common divisor of w and 3?
3
Let u(t) = 2*t + 2. Let l be u(-4). Let x = l - -13. Suppose 3*o = 5*w + 67 - 14, 2*o - 38 = 2*w. Calculate the greatest common divisor of x and o.
7
Let z(s) = -6*s**3 + 2*s + 4. Let j be z(2). Let t = -32 - j. What is the highest common factor of t and 152?
8
Let j(w) = w**2 - 16*w + 8. Let i be j(15). Let f be (-2)/i - 89/(-7). What is the greatest common divisor of 104 and f?
13
Let j(w) = w**3 - 7*w**2 + 2*w + 22. Let a be j(7). Calculate the highest common divisor of a and 72.
36
Suppose -5*g + 2*m - 26 = 0, -2*g - 4*m - 26 = g. Let r(w) = w**3 + 6*w**2 - 2*w - 2. Let i be r(g). What is the highest common divisor of i and 20?
10
Suppose -4*t + 147 = 7. Let g be 14/t - 58/(-5). Suppose 3*z - 2 = 7. What is the greatest common divisor of z and g?
3
Let m be -3 - 1 - (21 + -101). What is the greatest common divisor of 646 and m?
38
Let z(a) = -3*a - 21. Let o be z(-6). Suppose 2*x + 5*u = -14, 3*u = -2*u - 10. Let j be x + (118 - o) + 2. What is the highest common divisor of j and 11?
11
Suppose -6*l + 21 = -27. Calculate the greatest common divisor of 20 and l.
4
Let d(f) = 1 + 4*f**2 + 13*f - 33*f + f**3 + 9*f + 10*f. Let p = 8 + -11. Let x be d(p). What is the greatest common factor of 104 and x?
13
Let y be (-214)/(-8) + 9/(-12). Suppose -k - 18 = -4*i, 4*k = 5*i + k - y. Suppose -225 = -i*n - n. What is the highest common divisor of n and 30?
15
Let h(f) = 4*f + 28. Let u be h(-7). Suppose 2*m + n = -u*n + 6, -4*m - 4 = -2*n. Calculate the greatest common factor of m and 8.
1
Let a(u) = -5*u - 13. Let v be a(-3). Suppose 3*i = -v*j + 35, -2*i + j = -0*j - 35. Calculate the highest common factor of i and 75.
15
Suppose -55*m + 56*m - 323 = 0. Calculate the highest common factor of 19 and m.
19
Suppose 0 = -383*r + 392*r - 576. Calculate the highest common factor of r and 576.
64
Suppose 0*f = 2*f - 3*k - 54, -5*f = 2*k - 116. Calculate the highest common factor of f and 36.
12
Le